{"id":12527,"date":"2021-02-09T20:07:16","date_gmt":"2021-02-09T20:07:16","guid":{"rendered":"https:\/\/mercapalma.net\/?page_id=12527"},"modified":"2026-02-24T10:37:00","modified_gmt":"2026-02-24T09:37:00","slug":"equipo-humano","status":"publish","type":"page","link":"https:\/\/mercapalma.net\/ca\/equipo-humano\/","title":{"rendered":"Equip hum\u00e0"},"content":{"rendered":"<div  class='avia-image-container  av-styling- av-hover-grow   avia-builder-el-0  el_before_av_one_half  avia-builder-el-first  avia-align-center '  itemprop=\"image\" itemscope=\"itemscope\" itemtype=\"https:\/\/schema.org\/ImageObject\"  ><div class='avia-image-container-inner'><div class='avia-image-overlay-wrap'><img decoding=\"async\" class='wp-image-14805 avia-img-lazy-loading-not-14805 avia_image' src=\"https:\/\/mercapalma.net\/wp-content\/uploads\/equipo-humano2.jpg\" alt='' title='equipo-humano2' height=\"567\" width=\"850\"  itemprop=\"thumbnailUrl\" srcset=\"https:\/\/mercapalma.net\/wp-content\/uploads\/equipo-humano2.jpg 850w, https:\/\/mercapalma.net\/wp-content\/uploads\/equipo-humano2-300x200.jpg 300w, https:\/\/mercapalma.net\/wp-content\/uploads\/equipo-humano2-768x512.jpg 768w, https:\/\/mercapalma.net\/wp-content\/uploads\/equipo-humano2-705x470.jpg 705w\" sizes=\"(max-width: 850px) 100vw, 850px\" \/><\/div><\/div><\/div>\n<div class=\"flex_column av_one_half  flex_column_div av-zero-column-padding first  avia-builder-el-1  el_after_av_image  el_before_av_one_half  \" style='border-radius:0px; '><p><div  style='padding-bottom:10px; ' class='av-special-heading av-special-heading-h3    avia-builder-el-2  el_before_av_textblock  avia-builder-el-first  '><h3 class='av-special-heading-tag '  itemprop=\"headline\"  >Ger\u00e8ncia<\/h3><div class='special-heading-border'><div class='special-heading-inner-border' ><\/div><\/div><\/div><br \/>\n<section class=\"av_textblock_section \"  itemscope=\"itemscope\" itemtype=\"https:\/\/schema.org\/CreativeWork\" ><div class='avia_textblock  '   itemprop=\"text\" ><p><strong>DIRECTOR GERENT<\/strong><\/p>\n<p>Javier Balaguer Garavaglia<\/p>\n<p><strong>ADJUNTA A GER\u00c8NCIA<\/strong><\/p>\n<p>Maria Isabel Fullana Jaume<\/p>\n<p><strong>CAP DE SECCI\u00d3 JUR\u00cdDICA<\/strong><\/p>\n<p>F\u00e8lix Amor\u00f3s Piz\u00e1<\/p>\n<p><strong>AUXILIAR DE GER\u00c8NCIA<\/strong><\/p>\n<p>Jos\u00e9 Maria Gracia Pujalte<\/p>\n<\/div><\/section><\/p><\/div>\n<div class=\"flex_column av_one_half  flex_column_div av-zero-column-padding   avia-builder-el-4  el_after_av_one_half  el_before_av_one_half  \" style='border-radius:0px; '><p><div  style='padding-bottom:10px; ' class='av-special-heading av-special-heading-h3    avia-builder-el-5  el_before_av_textblock  avia-builder-el-first  '><h3 class='av-special-heading-tag '  itemprop=\"headline\"  >Administraci\u00f3<\/h3><div class='special-heading-border'><div class='special-heading-inner-border' ><\/div><\/div><\/div><br \/>\n<section class=\"av_textblock_section \"  itemscope=\"itemscope\" itemtype=\"https:\/\/schema.org\/CreativeWork\" ><div class='avia_textblock  '   itemprop=\"text\" ><p><strong>DIRECTORA D&#8217;ADMINISTRACI\u00d3<\/strong><br \/>\nEncarna Cabrera S\u00e1nchez<\/p>\n<p><strong>COMPTABLE<\/strong><br \/>\nMarta Puerta Gonz\u00e1lez<\/p>\n<p><strong>OFICIAL 1a ADMINISTRATIVA<\/strong><br \/>\nMar\u00eda Magdalena Llin\u00e0s Serra<\/p>\n<p><strong>CAP DE CONTROL ECON\u00d2MIC I GESTI\u00d3 LABORAL<\/strong><\/p>\n<p>Francisco Puertas Zurita<\/p>\n<\/div><\/section><\/p><\/div><div class=\"flex_column av_one_half  flex_column_div av-zero-column-padding first  avia-builder-el-7  el_after_av_one_half  el_before_av_one_half  column-top-margin\" style='border-radius:0px; '><p><div  style='padding-bottom:10px; ' class='av-special-heading av-special-heading-h3    avia-builder-el-8  el_before_av_textblock  avia-builder-el-first  '><h3 class='av-special-heading-tag '  itemprop=\"headline\"  >Serveis<\/h3><div class='special-heading-border'><div class='special-heading-inner-border' ><\/div><\/div><\/div><br \/>\n<section class=\"av_textblock_section \"  itemscope=\"itemscope\" itemtype=\"https:\/\/schema.org\/CreativeWork\" ><div class='avia_textblock  '   itemprop=\"text\" ><p><strong>DIRECTOR DE SERVEIS<\/strong><br \/>\nFrancisco Mudoy Villalobos<\/p>\n<p><strong>RESPONSABLE DE SISTEMES<\/strong><br \/>\nRam\u00f3n Navarro Iniesta<\/p>\n<p><strong>RESPONSABLE PARC VERD<\/strong><br \/>\nAntonio Molina Ruiz<\/p>\n<p><strong>OFICIAL 1a MANTENIMENT<\/strong><br \/>\nDiego P\u00e9rez-Gil Garcia<br \/>\nMauricio Mej\u00eda Benjumea<br \/>\nV\u00edctor Medina Mar\u00ed<br \/>\nGuillermo Gabriel de Luca<\/p>\n<p><strong>CONTROL D&#8217;ACCESSOS<\/strong><br \/>\nAntoni Vidal Morey<\/p>\n<\/div><\/section><\/p><\/div><\/p>\n<div class=\"flex_column av_one_half  flex_column_div av-zero-column-padding   avia-builder-el-10  el_after_av_one_half  avia-builder-el-last  column-top-margin\" style='border-radius:0px; '><p><div  style='padding-bottom:10px; ' class='av-special-heading av-special-heading-h3    avia-builder-el-11  el_before_av_textblock  avia-builder-el-first  '><h3 class='av-special-heading-tag '  itemprop=\"headline\"  >Mercat<\/h3><div class='special-heading-border'><div class='special-heading-inner-border' ><\/div><\/div><\/div><br \/>\n<section class=\"av_textblock_section \"  itemscope=\"itemscope\" itemtype=\"https:\/\/schema.org\/CreativeWork\" ><div class='avia_textblock  '   itemprop=\"text\" ><p><strong>CAP DE MERCAT<\/strong><br \/>\nJos\u00e9 Miguel Garc\u00eda Mateu<\/p>\n<\/div><\/section><\/p><\/div>\n","protected":false},"excerpt":{"rendered":"<p>&#8230;<\/p>\n","protected":false},"author":1,"featured_media":0,"parent":0,"menu_order":0,"comment_status":"closed","ping_status":"closed","template":"","meta":{"footnotes":""},"class_list":["post-12527","page","type-page","status-publish","hentry"],"yoast_head":"<!-- This site is optimized with the Yoast SEO plugin v27.0 - https:\/\/yoast.com\/product\/yoast-seo-wordpress\/ -->\n<title>Equip hum\u00e0 - Mercapalma<\/title>\n<meta name=\"robots\" content=\"index, follow, max-snippet:-1, max-image-preview:large, max-video-preview:-1\" \/>\n<link rel=\"canonical\" href=\"https:\/\/mercapalma.net\/ca\/equipo-humano\/\" \/>\n<meta property=\"og:locale\" content=\"ca_ES\" \/>\n<meta property=\"og:type\" content=\"article\" \/>\n<meta property=\"og:title\" content=\"Equip hum\u00e0 - Mercapalma\" \/>\n<meta property=\"og:description\" content=\"...\" \/>\n<meta property=\"og:url\" content=\"https:\/\/mercapalma.net\/ca\/equipo-humano\/\" \/>\n<meta property=\"og:site_name\" content=\"Mercapalma\" \/>\n<meta property=\"article:publisher\" content=\"https:\/\/www.facebook.com\/mercapalma.sa\" \/>\n<meta property=\"article:modified_time\" content=\"2026-02-24T09:37:00+00:00\" \/>\n<meta property=\"og:image\" content=\"https:\/\/mercapalma.net\/wp-content\/uploads\/Logo-Mercapalma_300-01.png\" \/>\n\t<meta property=\"og:image:width\" content=\"2775\" \/>\n\t<meta property=\"og:image:height\" content=\"442\" \/>\n\t<meta property=\"og:image:type\" content=\"image\/png\" \/>\n<meta name=\"twitter:card\" content=\"summary_large_image\" \/>\n<meta name=\"twitter:label1\" content=\"Temps estimat de lectura\" \/>\n\t<meta name=\"twitter:data1\" content=\"2 minuts\" \/>\n<script type=\"application\/ld+json\" class=\"yoast-schema-graph\">{\"@context\":\"https:\/\/schema.org\",\"@graph\":[{\"@type\":\"WebPage\",\"@id\":\"https:\/\/mercapalma.net\/ca\/equipo-humano\/\",\"url\":\"https:\/\/mercapalma.net\/ca\/equipo-humano\/\",\"name\":\"Equip hum\u00e0 - Mercapalma\",\"isPartOf\":{\"@id\":\"https:\/\/mercapalma.net\/#website\"},\"datePublished\":\"2021-02-09T20:07:16+00:00\",\"dateModified\":\"2026-02-24T09:37:00+00:00\",\"breadcrumb\":{\"@id\":\"https:\/\/mercapalma.net\/ca\/equipo-humano\/#breadcrumb\"},\"inLanguage\":\"ca\",\"potentialAction\":[{\"@type\":\"ReadAction\",\"target\":[\"https:\/\/mercapalma.net\/ca\/equipo-humano\/\"]}]},{\"@type\":\"BreadcrumbList\",\"@id\":\"https:\/\/mercapalma.net\/ca\/equipo-humano\/#breadcrumb\",\"itemListElement\":[{\"@type\":\"ListItem\",\"position\":1,\"name\":\"Portada\",\"item\":\"https:\/\/mercapalma.net\/ca\/\"},{\"@type\":\"ListItem\",\"position\":2,\"name\":\"Equip hum\u00e0\"}]},{\"@type\":\"WebSite\",\"@id\":\"https:\/\/mercapalma.net\/#website\",\"url\":\"https:\/\/mercapalma.net\/\",\"name\":\"Mercapalma\",\"description\":\"Mercados centrales de abastecimientos de Mallorca\",\"publisher\":{\"@id\":\"https:\/\/mercapalma.net\/#organization\"},\"potentialAction\":[{\"@type\":\"SearchAction\",\"target\":{\"@type\":\"EntryPoint\",\"urlTemplate\":\"https:\/\/mercapalma.net\/?s={search_term_string}\"},\"query-input\":{\"@type\":\"PropertyValueSpecification\",\"valueRequired\":true,\"valueName\":\"search_term_string\"}}],\"inLanguage\":\"ca\"},{\"@type\":\"Organization\",\"@id\":\"https:\/\/mercapalma.net\/#organization\",\"name\":\"Mercapalma\",\"url\":\"https:\/\/mercapalma.net\/\",\"logo\":{\"@type\":\"ImageObject\",\"inLanguage\":\"ca\",\"@id\":\"https:\/\/mercapalma.net\/#\/schema\/logo\/image\/\",\"url\":\"https:\/\/mercapalma.net\/wp-content\/uploads\/mercapalma.jpeg\",\"contentUrl\":\"https:\/\/mercapalma.net\/wp-content\/uploads\/mercapalma.jpeg\",\"width\":324,\"height\":200,\"caption\":\"Mercapalma\"},\"image\":{\"@id\":\"https:\/\/mercapalma.net\/#\/schema\/logo\/image\/\"},\"sameAs\":[\"https:\/\/www.facebook.com\/mercapalma.sa\",\"https:\/\/www.instagram.com\/mercapalma\/\"]}]}<\/script>\n<!-- \/ Yoast SEO plugin. -->","yoast_head_json":{"title":"Equip hum\u00e0 - Mercapalma","robots":{"index":"index","follow":"follow","max-snippet":"max-snippet:-1","max-image-preview":"max-image-preview:large","max-video-preview":"max-video-preview:-1"},"canonical":"https:\/\/mercapalma.net\/ca\/equipo-humano\/","og_locale":"ca_ES","og_type":"article","og_title":"Equip hum\u00e0 - Mercapalma","og_description":"...","og_url":"https:\/\/mercapalma.net\/ca\/equipo-humano\/","og_site_name":"Mercapalma","article_publisher":"https:\/\/www.facebook.com\/mercapalma.sa","article_modified_time":"2026-02-24T09:37:00+00:00","og_image":[{"width":2775,"height":442,"url":"https:\/\/mercapalma.net\/wp-content\/uploads\/Logo-Mercapalma_300-01.png","type":"image\/png"}],"twitter_card":"summary_large_image","twitter_misc":{"Temps estimat de lectura":"2 minuts"},"schema":{"@context":"https:\/\/schema.org","@graph":[{"@type":"WebPage","@id":"https:\/\/mercapalma.net\/ca\/equipo-humano\/","url":"https:\/\/mercapalma.net\/ca\/equipo-humano\/","name":"Equip hum\u00e0 - Mercapalma","isPartOf":{"@id":"https:\/\/mercapalma.net\/#website"},"datePublished":"2021-02-09T20:07:16+00:00","dateModified":"2026-02-24T09:37:00+00:00","breadcrumb":{"@id":"https:\/\/mercapalma.net\/ca\/equipo-humano\/#breadcrumb"},"inLanguage":"ca","potentialAction":[{"@type":"ReadAction","target":["https:\/\/mercapalma.net\/ca\/equipo-humano\/"]}]},{"@type":"BreadcrumbList","@id":"https:\/\/mercapalma.net\/ca\/equipo-humano\/#breadcrumb","itemListElement":[{"@type":"ListItem","position":1,"name":"Portada","item":"https:\/\/mercapalma.net\/ca\/"},{"@type":"ListItem","position":2,"name":"Equip hum\u00e0"}]},{"@type":"WebSite","@id":"https:\/\/mercapalma.net\/#website","url":"https:\/\/mercapalma.net\/","name":"Mercapalma","description":"Mercados centrales de abastecimientos de Mallorca","publisher":{"@id":"https:\/\/mercapalma.net\/#organization"},"potentialAction":[{"@type":"SearchAction","target":{"@type":"EntryPoint","urlTemplate":"https:\/\/mercapalma.net\/?s={search_term_string}"},"query-input":{"@type":"PropertyValueSpecification","valueRequired":true,"valueName":"search_term_string"}}],"inLanguage":"ca"},{"@type":"Organization","@id":"https:\/\/mercapalma.net\/#organization","name":"Mercapalma","url":"https:\/\/mercapalma.net\/","logo":{"@type":"ImageObject","inLanguage":"ca","@id":"https:\/\/mercapalma.net\/#\/schema\/logo\/image\/","url":"https:\/\/mercapalma.net\/wp-content\/uploads\/mercapalma.jpeg","contentUrl":"https:\/\/mercapalma.net\/wp-content\/uploads\/mercapalma.jpeg","width":324,"height":200,"caption":"Mercapalma"},"image":{"@id":"https:\/\/mercapalma.net\/#\/schema\/logo\/image\/"},"sameAs":["https:\/\/www.facebook.com\/mercapalma.sa","https:\/\/www.instagram.com\/mercapalma\/"]}]}},"_links":{"self":[{"href":"https:\/\/mercapalma.net\/ca\/wp-json\/wp\/v2\/pages\/12527","targetHints":{"allow":["GET"]}}],"collection":[{"href":"https:\/\/mercapalma.net\/ca\/wp-json\/wp\/v2\/pages"}],"about":[{"href":"https:\/\/mercapalma.net\/ca\/wp-json\/wp\/v2\/types\/page"}],"author":[{"embeddable":true,"href":"https:\/\/mercapalma.net\/ca\/wp-json\/wp\/v2\/users\/1"}],"replies":[{"embeddable":true,"href":"https:\/\/mercapalma.net\/ca\/wp-json\/wp\/v2\/comments?post=12527"}],"version-history":[{"count":5,"href":"https:\/\/mercapalma.net\/ca\/wp-json\/wp\/v2\/pages\/12527\/revisions"}],"predecessor-version":[{"id":22716,"href":"https:\/\/mercapalma.net\/ca\/wp-json\/wp\/v2\/pages\/12527\/revisions\/22716"}],"wp:attachment":[{"href":"https:\/\/mercapalma.net\/ca\/wp-json\/wp\/v2\/media?parent=12527"}],"curies":[{"name":"wp","href":"https:\/\/api.w.org\/{rel}","templated":true}]}}

Equip humà

<div  class='avia-image-container  av-styling- av-hover-grow   avia-builder-el-0  el_before_av_one_half  avia-builder-el-first  avia-align-center '  itemprop="image" itemscope="itemscope" itemtype="https://schema.org/ImageObject"  ><div class='avia-image-container-inner'><div class='avia-image-overlay-wrap'><img decoding="async" class='wp-image-14805 avia-img-lazy-loading-not-14805 avia_image' src="https://mercapalma.net/wp-content/uploads/equipo-humano2.jpg" alt='' title='equipo-humano2' height="567" width="850"  itemprop="thumbnailUrl" srcset="https://mercapalma.net/wp-content/uploads/equipo-humano2.jpg 850w, https://mercapalma.net/wp-content/uploads/equipo-humano2-300x200.jpg 300w, https://mercapalma.net/wp-content/uploads/equipo-humano2-768x512.jpg 768w, https://mercapalma.net/wp-content/uploads/equipo-humano2-705x470.jpg 705w" sizes="(max-width: 850px) 100vw, 850px" /></div></div></div>
<div class="flex_column av_one_half  flex_column_div av-zero-column-padding first  avia-builder-el-1  el_after_av_image  el_before_av_one_half  " style='border-radius:0px; '><p><div  style='padding-bottom:10px; ' class='av-special-heading av-special-heading-h3    avia-builder-el-2  el_before_av_textblock  avia-builder-el-first  '><h3 class='av-special-heading-tag '  itemprop="headline"  >Gerència</h3><div class='special-heading-border'><div class='special-heading-inner-border' ></div></div></div><br />
<section class="av_textblock_section "  itemscope="itemscope" itemtype="https://schema.org/CreativeWork" ><div class='avia_textblock  '   itemprop="text" ><p><strong>DIRECTOR GERENT</strong></p>
<p>Javier Balaguer Garavaglia</p>
<p><strong>ADJUNTA A GERÈNCIA</strong></p>
<p>Maria Isabel Fullana Jaume</p>
<p><strong>CAP DE SECCIÓ JURÍDICA</strong></p>
<p>Fèlix Amorós Pizá</p>
<p><strong>AUXILIAR DE GERÈNCIA</strong></p>
<p>José Maria Gracia Pujalte</p>
</div></section></p></div>
<div class="flex_column av_one_half  flex_column_div av-zero-column-padding   avia-builder-el-4  el_after_av_one_half  el_before_av_one_half  " style='border-radius:0px; '><p><div  style='padding-bottom:10px; ' class='av-special-heading av-special-heading-h3    avia-builder-el-5  el_before_av_textblock  avia-builder-el-first  '><h3 class='av-special-heading-tag '  itemprop="headline"  >Administració</h3><div class='special-heading-border'><div class='special-heading-inner-border' ></div></div></div><br />
<section class="av_textblock_section "  itemscope="itemscope" itemtype="https://schema.org/CreativeWork" ><div class='avia_textblock  '   itemprop="text" ><p><strong>DIRECTORA D&#8217;ADMINISTRACIÓ</strong><br />
Encarna Cabrera Sánchez</p>
<p><strong>COMPTABLE</strong><br />
Marta Puerta González</p>
<p><strong>OFICIAL 1a ADMINISTRATIVA</strong><br />
María Magdalena Llinàs Serra</p>
<p><strong>CAP DE CONTROL ECONÒMIC I GESTIÓ LABORAL</strong></p>
<p>Francisco Puertas Zurita</p>
</div></section></p></div><div class="flex_column av_one_half  flex_column_div av-zero-column-padding first  avia-builder-el-7  el_after_av_one_half  el_before_av_one_half  column-top-margin" style='border-radius:0px; '><p><div  style='padding-bottom:10px; ' class='av-special-heading av-special-heading-h3    avia-builder-el-8  el_before_av_textblock  avia-builder-el-first  '><h3 class='av-special-heading-tag '  itemprop="headline"  >Serveis</h3><div class='special-heading-border'><div class='special-heading-inner-border' ></div></div></div><br />
<section class="av_textblock_section "  itemscope="itemscope" itemtype="https://schema.org/CreativeWork" ><div class='avia_textblock  '   itemprop="text" ><p><strong>DIRECTOR DE SERVEIS</strong><br />
Francisco Mudoy Villalobos</p>
<p><strong>RESPONSABLE DE SISTEMES</strong><br />
Ramón Navarro Iniesta</p>
<p><strong>RESPONSABLE PARC VERD</strong><br />
Antonio Molina Ruiz</p>
<p><strong>OFICIAL 1a MANTENIMENT</strong><br />
Diego Pérez-Gil Garcia<br />
Mauricio Mejía Benjumea<br />
Víctor Medina Marí<br />
Guillermo Gabriel de Luca</p>
<p><strong>CONTROL D&#8217;ACCESSOS</strong><br />
Antoni Vidal Morey</p>
</div></section></p></div></p>
<div class="flex_column av_one_half  flex_column_div av-zero-column-padding   avia-builder-el-10  el_after_av_one_half  avia-builder-el-last  column-top-margin" style='border-radius:0px; '><p><div  style='padding-bottom:10px; ' class='av-special-heading av-special-heading-h3    avia-builder-el-11  el_before_av_textblock  avia-builder-el-first  '><h3 class='av-special-heading-tag '  itemprop="headline"  >Mercat</h3><div class='special-heading-border'><div class='special-heading-inner-border' ></div></div></div><br />
<section class="av_textblock_section "  itemscope="itemscope" itemtype="https://schema.org/CreativeWork" ><div class='avia_textblock  '   itemprop="text" ><p><strong>CAP DE MERCAT</strong><br />
José Miguel García Mateu</p>
</div></section></p></div>

<!-- This site is optimized with the Yoast SEO plugin v27.0 - https://yoast.com/product/yoast-seo-wordpress/ -->
<title>Equip humà - Mercapalma</title>
<meta name="robots" content="index, follow, max-snippet:-1, max-image-preview:large, max-video-preview:-1" />
<link rel="canonical" href="https://mercapalma.net/ca/equipo-humano/" />
<meta property="og:locale" content="ca_ES" />
<meta property="og:type" content="article" />
<meta property="og:title" content="Equip humà - Mercapalma" />
<meta property="og:description" content="..." />
<meta property="og:url" content="https://mercapalma.net/ca/equipo-humano/" />
<meta property="og:site_name" content="Mercapalma" />
<meta property="article:publisher" content="https://www.facebook.com/mercapalma.sa" />
<meta property="article:modified_time" content="2026-02-24T09:37:00+00:00" />
<meta property="og:image" content="https://mercapalma.net/wp-content/uploads/Logo-Mercapalma_300-01.png" />
	<meta property="og:image:width" content="2775" />
	<meta property="og:image:height" content="442" />
	<meta property="og:image:type" content="image/png" />
<meta name="twitter:card" content="summary_large_image" />
<meta name="twitter:label1" content="Temps estimat de lectura" />
	<meta name="twitter:data1" content="2 minuts" />
<script type="application/ld+json" class="yoast-schema-graph">{"@context":"https://schema.org","@graph":[{"@type":"WebPage","@id":"https://mercapalma.net/ca/equipo-humano/","url":"https://mercapalma.net/ca/equipo-humano/","name":"Equip humà - Mercapalma","isPartOf":{"@id":"https://mercapalma.net/#website"},"datePublished":"2021-02-09T20:07:16+00:00","dateModified":"2026-02-24T09:37:00+00:00","breadcrumb":{"@id":"https://mercapalma.net/ca/equipo-humano/#breadcrumb"},"inLanguage":"ca","potentialAction":[{"@type":"ReadAction","target":["https://mercapalma.net/ca/equipo-humano/"]}]},{"@type":"BreadcrumbList","@id":"https://mercapalma.net/ca/equipo-humano/#breadcrumb","itemListElement":[{"@type":"ListItem","position":1,"name":"Portada","item":"https://mercapalma.net/ca/"},{"@type":"ListItem","position":2,"name":"Equip humà"}]},{"@type":"WebSite","@id":"https://mercapalma.net/#website","url":"https://mercapalma.net/","name":"Mercapalma","description":"Mercados centrales de abastecimientos de Mallorca","publisher":{"@id":"https://mercapalma.net/#organization"},"potentialAction":[{"@type":"SearchAction","target":{"@type":"EntryPoint","urlTemplate":"https://mercapalma.net/?s={search_term_string}"},"query-input":{"@type":"PropertyValueSpecification","valueRequired":true,"valueName":"search_term_string"}}],"inLanguage":"ca"},{"@type":"Organization","@id":"https://mercapalma.net/#organization","name":"Mercapalma","url":"https://mercapalma.net/","logo":{"@type":"ImageObject","inLanguage":"ca","@id":"https://mercapalma.net/#/schema/logo/image/","url":"https://mercapalma.net/wp-content/uploads/mercapalma.jpeg","contentUrl":"https://mercapalma.net/wp-content/uploads/mercapalma.jpeg","width":324,"height":200,"caption":"Mercapalma"},"image":{"@id":"https://mercapalma.net/#/schema/logo/image/"},"sameAs":["https://www.facebook.com/mercapalma.sa","https://www.instagram.com/mercapalma/"]}]}</script>
<!-- / Yoast SEO plugin. -->

Equip humà - Mercapalma
